 is the tens digit of h?
6
Let z be -1 - ((2 + -2 - 3) + 4). Let c(i) = -7 - 3*i - 14*i - 5*i. What is the tens digit of c(z)?
3
Suppose 4*f = 6*f - 14. Suppose -2*u = -f*u + 10. Suppose 0 = 5*r - 0*a + 2*a - 202, u*a + 50 = r. What is the units digit of r?
2
Let q be 94/10 - ((-12)/(-30) + 0). Suppose -q*l - 800 + 3509 = 0. What is the hundreds digit of l?
3
Let m = -106647 - -150747. What is the hundreds digit of m?
1
Suppose -8*z + 7*q = -4*z - 7537, 0 = q - 1. What is the thousands digit of z?
1
What is the units digit of (-35)/(-385) + 9393/11?
4
Let k = 36030 - -2581. What is the thousands digit of k?
8
Let o = -95 - -103. What is the units digit of o/32 + (-2934)/(-8)?
7
Let o(n) = 2*n**3 - 10*n**2 + 26*n + 23. Let w = 646 + -637. What is the units digit of o(w)?
5
Let c = 84032 + -23968. What is the thousands digit of c?
0
What is the tens digit of (-3)/((-3527977)/440990 + 8)?
1
Suppose 6*i + 4*h - 220512 = i, 3*h = -5*i + 220504. What is the thousands digit of i?
4
Let f(n) = -14 + 6*n + 4*n**3 - 8*n - 8*n**2 - 3*n**3 - n - 8*n. Suppose -18 = -2*m + 2. What is the tens digit of f(m)?
7
Let k = -412 + 422. What is the units digit of ((-1456)/10)/(k/(-25))?
4
Let l be 0/(8*5/40). Suppose l = 4*h - 4*i - 3784, -8*h = -9*h + 2*i + 951. What is the units digit of h?
1
Let p = -5239 - -12458. What is the hundreds digit of p?
2
Let k(z) = 893*z - 36. Let m be k(1). Let h = 2522 - m. What is the units digit of h?
5
Let o = 31268 + -9452. What is the units digit of o?
6
Let x(a) = 392*a + 273. What is the ten thousands digit of x(27)?
1
Suppose 20*m - 18*m + 130 = 0. Let j = 39 - m. What is the hundreds digit of j?
1
Let g = -13173 - -24201. What is the units digit of g?
8
Suppose 35*d = -5*d + 773800. What is the ten thousands digit of d?
1
Let i(c) = -3*c - 31. Let s be i(-10). Let k be s/3 - (-9671)/(-57). What is the units digit of (-3 - (-87)/27) + k/(-45)?
4
Suppose -97818 = 4*a - 12*a + 41862. What is the tens digit of a?
6
Let c = -56448 + 107693. What is the tens digit of c?
4
Let h(m) = m**2 + 5. Let z be h(0). Suppose 0 = 2*a + z*a - 1218. What is the hundreds digit of a?
1
What is the hundreds digit of (8045 - -3)/(14/28)?
0
Let j be -3 - 0 - (-23 + -9). Suppose 2*f + 6 = -20. Let t = j + f. What is the tens digit of t?
1
What is the ten thousands digit of (124/(-10))/(392/1784972*7/(-5))?
4
Suppose -2*l = -l + 18*l - 468882. What is the hundreds digit of l?
6
Let u = -3021 - -6491. What is the units digit of u?
0
Let m(y) be the first derivative of 41*y**3/3 + y**2 + y + 140. What is the tens digit of m(4)?
6
Let i = -300 - -304. Suppose 3*z + 657 = 2*t, i*t + 0*z - 4*z = 1320. What is the tens digit of t?
3
Suppose 4*h = 5*a + 11 + 10, -4*h - 4*a = -12. Suppose 3*m = m + h*u + 1470, 0 = -3*m + 5*u + 2208. What is the hundreds digit of m?
7
Let y(u) = u + 25. Let c be y(-21). Let d be (-6)/(-15) - ((-6688)/20)/c. Let x = d + -48. What is the tens digit of x?
3
Suppose -57*p = -168*p + 802 + 308. Let c(n) = -21 + 3*n**2 + 3*n**2 - 3*n**2 - 11*n. What is the tens digit of c(p)?
6
Suppose 5*g = a - 8, 2*a - 3*g - 10 = g. Let k(j) = 3*j - a*j + 3*j + 24 - 2*j. What is the tens digit of k(7)?
3
Let u = 326 + -331. Let p(l) = -3*l + 5 + 4*l + 5*l - 3*l**3 + 4 - 2*l**2. What is the units digit of p(u)?
4
Suppose 12*z - 25812 = z + 54983. What is the units digit of z?
5
Suppose -7*x + 60 = 200. What is the tens digit of 736 - x - (0/2 - -2)?
5
Let i = 270 - 266. Suppose i*c + m = 762, -11*c + 766 = -7*c + 3*m. What is the tens digit of c?
9
What is the thousands digit of 104/32*-4 - -5144?
5
Suppose 3*h - 362 = 2*p, -5*p - 3*h - 741 = 185. Let a = p - -210. What is the units digit of a?
6
Let s(z) = 4694*z - 2867. What is the tens digit of s(10)?
7
Let a = 96 + -91. Suppose -3*y + 2*i = i - 363, a*y - 612 = 4*i. What is the units digit of y?
0
Let w = 18208 - 10161. What is the units digit of w?
7
Let w = 28214 - 16872. What is the ten thousands digit of w?
1
Let r be 20/(-6 - (-4 + -4)). Suppose -4600 = -15*p - r*p. What is the units digit of p?
4
Suppose 0 = 3*v - 9. Suppose 7*s - v*s = 180. Suppose -w + 0*w = -s. What is the units digit of w?
5
Let o be (-6)/(-6)*1*-3. Let l(t) = -t - 6. Let h be l(-17). What is the tens digit of 115 - (h + -4 + o)?
1
Let i be 18/12*8*5. Suppose 3*y = -i + 609. What is the hundreds digit of y?
1
Let k(a) = -a**3 + 85*a**2 + 4*a - 23. What is the units digit of k(85)?
7
Let n be (-8)/(-28) + (-246)/(-21). What is the tens digit of 1/(6/n) - -189?
9
Let d be (-7 + 9)/(2/(-4)). Let q = -2 - d. Suppose -3*b + q*w = -448 - 146, -2*w - 194 = -b. What is the tens digit of b?
0
Suppose -4*z + 40 = 8. Let m be z/(-12)*(-4 - 23). Suppose -23*q + 100 = -m*q. What is the units digit of q?
0
Let k = 152 + -145. Suppose k*c - 579 = 4*c. What is the tens digit of c?
9
Suppose o + 2*a + 75 = 0, -2*o - 89 = -a + 36. Let g = -63 - o. Suppose 3*z + x - 264 = 2*x, -g*x = z - 81. What is the tens digit of z?
8
Suppose -3*c - 134 = 4*m, c - 4*c = -5*m - 154. Let g be m/(-10) + (-6)/30. Suppose 5*l + 59 = s, -4*s - s + g*l = -383. What is the tens digit of s?
7
Let k be 12/(48/8) - 6. Let q(l) = -138*l - 31. What is the hundreds digit of q(k)?
5
Suppose 3229 = -6*f + 43. What is the tens digit of (2/(12/f))/(1/(-2))?
7
Let x be 4 + (-88)/20 + (-39933)/(-45). What is the hundreds digit of (-16 - -18)/(1/x)?
7
Let i = -48 - -48. Let g be (i + 1)/(14/3192). Suppose 4*j = -4*w + g, 5*w = -j + 140 + 145. What is the tens digit of w?
5
What is the units digit of (-4)/22*39816359/(-526)?
3
What is the thousands digit of ((-25)/(-2))/(-5)*(-37 - 240111/15)?
0
Suppose -2*w - 3*w - 4*y - 2125 = 0, 0 = -w - 3*y - 425. Let n = -285 - w. Let u = n - 11. What is the tens digit of u?
2
Let m(j) = 2*j**2 - 15*j + 35. Let u be m(18). Let l = -249 + u. What is the units digit of l?
4
Suppose f - 26 = -2*n - 5*f, -2*n + 2*f = 14. Let d(i) = 128*i**2 + 13*i + 8. What is the hundreds digit of d(n)?
4
Let h(p) = 2*p**3 - 66*p**2 + 293*p + 169. What is the hundreds digit of h(40)?
2
Let b = 129 + -129. Suppose -10 + b = -2*c, 632 = 4*n + 4*c. What is the tens digit of n?
5
Let p(q) = -134*q**2 - 4*q - 1. Let b be p(-1). Let a = b - -598. What is the units digit of a?
7
Let w(k) = -2640*k + 924. What is the tens digit of w(-5)?
2
Let i(v) = -14*v - 49. Let h be i(9). Let s = h - -325. What is the hundreds digit of s?
1
Let m(d) = -32*d**2 - 2*d - 3. Let f be m(-1). Let r = 35 + f. Suppose -3*b + 142 = -r*b + c, -4*b + 573 = 5*c. What is the units digit of b?
7
Suppose 0 = -4*o - 5*d + 25, -10*o + 27 = -5*o + 2*d. Suppose -3*a + 2*m = 3*m - 623, 3*m = o*a - 1029. What is the hundreds digit of a?
2
Let k(q) = 300*q + 13. Let f be k(6). Suppose -f = -3*r + 803. What is the tens digit of r?
7
Let l = -40 - -30. Let q be (6*(-65)/(-50))/((-2)/l). Let h = 57 - q. What is the tens digit of h?
1
Suppose 2*f + 18*v = 15*v - 5, -v = f. What is the hundreds digit of 1/((-4695)/940 + f)?
1
Let x(n) = -n**2 - n + 45. Let k be x(-7). Suppose k*i - 38 = -50, -4*l + 6912 = 3*i. What is the hundreds digit of l?
7
Suppose 161 = 9*s - 2*s. Suppose x + s + 37 = 0. Let c = 137 + x. What is the units digit of c?
7
Suppose 105615 = -1396*p + 1405*p. What is the thousands digit of p?
1
Suppose -j + 58868 = 2*t + 3*j, 4*j + 117796 = 4*t. What is the units digit of t?
4
Let g be 8/(-14) + 417942/294. Let x = g + -772. What is the hundreds digit of x?
6
What is the units digit of (108/(-48) - 7)/((-3)/3192)?
2
Let m = 18413 - 14244. What is the units digit of m?
9
Let f(z) = -8*z - 195. Let w be f(-25). Suppose 0 = w*k - 2*c - 3232, -46*k - 4*c = -51*k + 3224. What is the units digit of k?
8
Suppose 5 = -h + 1. Let d = h + 7. Suppose 470 = d*v + 2*v. What is the units digit of v?
4
Suppose -j + 2*k = 1873, -2*j + 0*k - 3758 = 2*k. Let o = 2871 + j. What is the units digit of o?
4
Suppose 115*s - 102836 = 21*s. What is the units digit of s?
4
Suppose 0 = 23*h + 48005 - 264021. What is the thousands digit of h?
9
Let s(q) = 722*q**2 + q. Let b be s(-1). Let g = 1185 - b. What is the hundreds digit of g?
4
Let d(r) = -r**3 - 25*r**2 - 22*r + 56. Let n be d(-24). Let q = n + 66. What is the tens digit of q?
7
Let g be ((6/9)/1)/((-20)/(-90)). Let v = 7 + -4. Suppose -5*m -